erivative of v**3/2 + 4*v**2 + v. Let m(z) = -7*z - 17. Suppose 3*a - 5*a = -18. Let y(j) = a*k(j) + 4*m(j). Give y(4).
0
Let h(c) = c**3 + 4*c**2 - 3*c - 6. Suppose 3*k + m + 7 = 0, 5*k - 2*m + 15 = -3*m. Give h(k).
6
Let l(d) be the first derivative of 3/2*d**2 - 1/2*d**3 - d + 3 + 1/6*d**4 - 1/20*d**5. Let c(i) be the first derivative of l(i). What is c(2)?
-3
Let l(m) = 1 - 10 + 0 - m. Let k be l(-9). Let x(h) = -h**3 - h**2 + h - 2. Determine x(k).
-2
Let j(f) = -5*f + 3. Suppose 5*g = -3*z - 1, -14*z = -15*z + g + 5. What is j(z)?
-12
Suppose -15*o + 19*o = -16. Let u(n) = n**2 + 1. Calculate u(o).
17
Let b(a) = -a**3 + 7*a**2 - 5*a - 8. Let q be b(6). Let w(u) be the second derivative of u**4/12 + u**3/2 + u**2/2 - 5*u. Calculate w(q).
-1
Suppose 4 = -c - c. Let y(b) = -2*b + 1. Give y(c).
5
Let d(r) = 5*r. Suppose 0 = 3*c - 7*c + 12. Let m be ((-8)/c)/((-4)/6). Suppose -m = -0*y - 4*y. Determine d(y).
5
Let b(c) be the first derivative of -4 + 0*c**2 + c + 1/4*c**4 - 1/3*c**3. Suppose 7*k - 3*k = -4. What is b(k)?
-1
Let f(j) be the third derivative of -j**5/60 - j**4/12 - j**3/6 - 15*j**2. Let w(m) = -m**3 - 4*m**2 - m - 5. Let g be w(-4). What is f(g)?
0
Let j(p) = 2*p. Let o be j(-5). Let d be o/4*18/(-9). Let c(i) = i**3 - 5*i**2 + 3. Determine c(d).
3
Let r(a) be the first derivative of a**4/4 + a**3/3 + a**2/2 + 4*a - 10. Calculate r(0).
4
Let b(g) = -g**2 - g. Let r = -28 + 32. Give b(r).
-20
Let f(c) = -c**3 + 6*c**2 - c + 7. Let g = -10 + 16. Determine f(g).
1
Let o(s) = -2*s + 2. Let w be o(-2). Suppose 0 = -4*g + 10 + w. Let j(v) = v**3 - 4*v**2 + v - 5. Give j(g).
-1
Let m(w) = 5 - 4 - 4*w**2 + 3*w**2 + 2*w + 0*w**2. Determine m(4).
-7
Let m(r) = -r**3 - 8*r**2 - 5*r + 4. Let b be (-4 - -11)/7*(1 - 8). Give m(b).
-10
Let x(d) be the second derivative of d**3/3 - 2*d**2 + 3*d. Give x(4).
4
Let y(b) = b**2 - b + 1. Let g(f) = -3*f**2 + 2*f + 2. Let k(o) = g(o) + 2*y(o). Let h(p) = p**3 + 10*p**2 - 11*p. Let t be h(-11). What is k(t)?
4
Let y(b) = -39*b + 16*b + 19*b. What is y(-4)?
16
Suppose 18 + 7 = -5*r. Let h(s) = s**3 + 5*s**2 - 2*s - 7. Calculate h(r).
3
Let z be (-4)/18 + 38/9. Let x(k) be the first derivative of k**4/4 - k**3 - 3*k**2/2 + 4*k - 11. Give x(z).
8
Let h(w) = -w + 8. Let m be h(4). Suppose -3*x + m = x. Let d(p) = -p - 3. Let o(b) = 3*b + 8. Let n(v) = -11*d(v) - 4*o(v). Calculate n(x).
0
Let l(o) = o**3 - 5*o**2 - 5*o. Suppose 2*z = -3*z + 10. Suppose 4*j - 26 = -3*m, -j + 7 = z*m - 7. What is l(m)?
6
Let y be (-2)/7 - 22/(-77). Let u(p) = 1 - 24*p**2 + y - 2*p**3 + 22*p**2. Calculate u(1).
-3
Let a(t) = -6*t - 4. Suppose s + 4*p + 3 = 4*s, -3*s - 2*p = 15. Determine a(s).
14
Let i(z) = z - 4. Suppose -2*s + g + 10 = -g, -s + 2 = 2*g. What is i(s)?
0
Let a(h) = h**3 + h. Let v(c) = -4*c**3 - 6*c**2 - 4*c - 4. Let i(y) = -3*a(y) - v(y). Give i(-6).
-2
Let g(i) = 5*i**3 - 8*i**2 + i + 5. Let t(v) = 9*v**3 - 15*v**2 + 2*v + 9. Let l(a) = -11*g(a) + 6*t(a). Calculate l(-3).
5
Let i(g) = 7 - 7*g**3 - 9*g + 7*g**2 - 1 + 4*g**2 + 3*g. Let x(j) = 6*j**3 - 10*j**2 + 5*j - 6. Let t(h) = 5*i(h) + 6*x(h). Give t(5).
-6
Let b be (4/12)/((-4)/12). Let n(i) = -5*i**3 - i**2. Determine n(b).
4
Suppose 4*h = -12 - 4. Let a be h/(-2)*(-1)/2. Let d(k) be the second derivative of 2*k**5/5 - k. Calculate d(a).
-8
Suppose -a = 3*n + 1, 2*a - 3 = 2*n - 3*n. Let r(u) = -2*u - a + 3 - 3 - u. Give r(-6).
16
Suppose -6 = 12*f - 9*f. Let a(n) = -n**2 - 3*n. Let u(j) = -j + 1. Let g(o) = f*u(o) + a(o). What is g(0)?
-2
Let z(r) = -3*r + 23. Let o be z(10). Let n(c) = -c**2 - 5*c - 4. What is n(o)?
-18
Let g(w) = -w - 3. Let x be g(-3). Suppose n - 4 = -x. Let f(u) = -2*u + 2. Determine f(n).
-6
Let p(m) = m - 4. Let q = -114 - -108. What is p(q)?
-10
Suppose -2*l - 5*o - 10 = -3*l, -8 = -5*l + 4*o. Let b(f) = f. What is b(l)?
0
Let q(z) be the second derivative of z**5/20 - z**4/3 - z**3/2 - z**2 + z. Let f be q(5). Let b(a) = -2*a - f + a + 3. Calculate b(-4).
-1
Suppose 2*t - 3*u - 607 = -2*t, 5*u = 5*t - 760. Let j(o) = -151 - o + t. What is j(-5)?
5
Suppose 5*i - 20 = -5. Suppose i*f = f. Let b(k) = k**2 - k + 1. Determine b(f).
1
Let b(t) = -3 - 3 - 2*t - 3 - 3. Let n be b(-9). Let m(h) = h**2 - 8*h + 7. Give m(n).
-5
Let y(d) be the third derivative of -1/24*d**4 + 0 - 6*d**2 - 1/6*d**3 + 0*d. Determine y(-7).
6
Suppose 5*c - 3*c = -2. Let a(b) = 5*b**2 + 2*b + 1. What is a(c)?
4
Let h(v) = -2*v**3 + v**2 + 1. Let y be 1/((-5)/2 - -3). What is h(y)?
-11
Let s(b) be the third derivative of -1/20*b**5 + b**2 + 0*b + 1/12*b**4 - 5/6*b**3 + 0 - 1/120*b**6. Let m = 38 + -42. Calculate s(m).
3
Let z(t) = 4*t**2 + 4*t + 2. Suppose 3*y + 37 = 31. Determine z(y).
10
Let z(v) = -3 + v**2 + 4 + 1 + 10*v. What is z(-9)?
-7
Suppose 0 = -4*k + k. Let o(y) = 5*y**2 - 6*y**2 + 3 + k*y + 2*y + 0*y. Determine o(3).
0
Let l be 3*2/4*4. Let m = l + -7. Let i(b) = -3*b - 1. Let v(q) = -5*q - 2. Let c(h) = 7*i(h) - 3*v(h). Calculate c(m).
5
Let u be 2*((-7)/(-2) - 1). Let c(r) = -2*r**2 + r**2 - 5*r + 0*r**2 + 2*r**2. Determine c(u).
0
Suppose -43 = 13*s + 9. Let w(b) = -2*b**2 - 2*b + 3. What is w(s)?
-21
Let m(w) = -3*w + 0*w + 5*w + 3*w. Let p be 2/3 + 5/(-3). What is m(p)?
-5
Let v(b) = -4*b**2 + 5*b - 8. Let h(s) = -s**2 + s - 1. Let o(l) = -5*h(l) + v(l). What is o(3)?
6
Let f(j) be the first derivative of -j**4/4 - 3*j**3 - 4*j**2 + 5*j + 1. Suppose -p + 2*p = 5*o + 40, 5*o + 40 = 5*p. Give f(o).
5
Let a(y) = -y**2 - 2*y. Let j be a(-2). Let w = j + -3. Let i(b) = -b**2 - 4*b - 3. Determine i(w).
0
Let l(n) be the second derivative of -n**4/12 - n**3/6 + n**2/2 - 11*n. Calculate l(-2).
-1
Let t(m) = 5*m + 1. Let g(k) = 3*k + 1. Let h(f) = -7*g(f) + 4*t(f). Determine h(-9).
6
Let m(i) = i + 1. Let l be m(3). Let p be 3/(-5) - l/10. Let r(d) = 6*d + 1. Calculate r(p).
-5
Let z(p) = -9*p**2 - p + 1. Let u(j) = j + 7. Let r be u(-6). Suppose q + 1 = 4*f, -5*f = q - r - 7. Determine z(f).
-9
Let y(s) be the second derivative of s**6/180 - s**5/120 - s**4/6 - 2*s. Let z(l) be the third derivative of y(l). What is z(2)?
7
Let t = 3/10 + -17/60. Let k(i) be the third derivative of 0*i + 1/6*i**3 + t*i**5 + 5/24*i**4 + 2*i**2 + 0. What is k(-4)?
-3
Let x(w) = -w**2 + w + 2. Let o(d) = -d**3 - 10*d**2 + 10*d - 13. Let j(k) = -k**2 - 4*k + 10. Let f be j(-7). Let a be o(f). Calculate x(a).
-4
Let f(i) be the first derivative of i**4/4 + 4*i**3/3 + 3*i**2/2 + 4*i + 3. Give f(-3).
4
Suppose -2*t + 4*j + 3 = -5, -5*t = -j - 20. Let l = 7 + -3. Let w(r) = -2*r - 6 + r + l. What is w(t)?
-6
Let s(u) be the second derivative of u**4/12 + u**3/6 + u**2/2 - 4*u. Give s(-3).
7
Let t(y) be the first derivative of -y**2/2 - 5*y - 5. Let o be t(-11). Let n(p) = p**3 - 6*p**2 + 2*p - 4. Determine n(o).
8
Let o(p) be the second derivative of -p**3/6 + p**2 - p. Suppose 2*i = 5*i + 33. Let d = -11 - i. Determine o(d).
2
Let c(s) be the third derivative of -s**4/12 + s**3/2 + 15*s**2. Let x = -7 + 4. Determine c(x).
9
Let i(s) = 2*s - 2. Let f(j) = -j**2 - j + 6. Let l be f(0). Let t = l - 1. Suppose -t*v - 5*r - 16 = -46, r = 4*v - 14. Give i(v).
6
Let a(w) = w**3 - 2*w**2 - 2*w + 1. Suppose -o + 3*o = -d + 11, 5*d + 2*o - 23 = 0. Let g be a(d). Let n(v) = 5*v - 2 - 7*v + 3*v. Give n(g).
2
Let i(x) = -x**3 - x**2 + 1. Let b(p) = -2*p**3 - 5*p**2 - 2*p - 2. Let r(q) = b(q) - i(q). Determine r(-3).
-6
Let x(v) be the first derivative of -v**4/4 - v**3/3 + 3*v**2/2 - v + 1. Let i be -1 + (4 - 5) + 4. What is x(i)?
-7
Let k(w) = -w**3 + 5*w**2 + 9*w - 8. Let n be k(6). Let r be ((-12)/(-10))/((-3)/n). Let t(c) = -c**3 - 5*c**2 - 4*c + 1. Calculate t(r).
1
Let k(w) = -7*w - 1. Let m(f) = -4*f - 1. Let p be m(-2). Let y = 8 - p. What is k(y)?
-8
Let v(o) = -8*o + 3. Let n(m) = -15*m + 6. Let h(f) = 6*n(f) - 11*v(f). Calculate h(2).
-1
Suppose 3*b + 3 + 0 = 0. Let p be b/(2*(-3)/(-18)). Let g(x) be the second derivative of -x**3/2 - 2*x**2 + x. Give g(p).
5
Let n = 4 - 8. Let f(y) = -y**2 - 5*y - 2. Let q be f(-3). Let u = q + n. Let l(s) = -s**3 - 5. Give l(u).
-5
Let x(g) = -g**3 + 8*g**2 - 6*g - 7. Let d be x(7). Suppose d*m + 5*h = -4*m + 23, -13 = m - 5*h. Let z(q) = -m - 1 + 1 - q**2 + 2*q. Give z(2).
-2
Let y(l) = -2*l + 6 - 3*l + 4*l + 2*l. Let p = -5 - 0. Let 